{"id":13203,"date":"2022-08-17T20:35:41","date_gmt":"2022-08-17T17:35:41","guid":{"rendered":"https:\/\/armadiodesign.com\/?post_type=product&#038;p=13203"},"modified":"2025-07-07T20:49:19","modified_gmt":"2025-07-07T17:49:19","slug":"dora-lace","status":"publish","type":"product","link":"https:\/\/armadiodesign.com\/en\/product\/dora-lace\/","title":{"rendered":"DORA LACE"},"content":{"rendered":"<p>Arkas\u0131 grogrenli ku\u015f g\u00f6z\u00fc detayl\u0131 midi boy dantel elbise<\/p>","protected":false},"excerpt":{"rendered":"<p>Arkas\u0131 grogrenli ku\u015f g\u00f6z\u00fc detayl\u0131 midi boy dantel elbise<\/p>","protected":false},"featured_media":13208,"template":"","meta":[],"product_brand":[],"product_cat":[255,254],"product_tag":[],"woo-feed-brand":[],"class_list":{"0":"post-13203","1":"product","2":"type-product","3":"status-publish","4":"has-post-thumbnail","6":"product_cat-elbise-dora-by-armadio-design","7":"product_cat-new-collection","9":"first","10":"instock","11":"featured","12":"taxable","13":"shipping-taxable","14":"purchasable","15":"product-type-variable","16":"has-default-attributes"},"yoast_head":"<!-- This site is optimized with the Yoast SEO plugin v27.4 - https:\/\/yoast.com\/product\/yoast-seo-wordpress\/ -->\n<title>DORA LACE | Kad\u0131n Giyim Markas\u0131 - Online Sat\u0131n Al | ARMADIO DESIGN<\/title>\n<meta name=\"robots\" content=\"index, follow, max-snippet:-1, max-image-preview:large, max-video-preview:-1\" \/>\n<link rel=\"canonical\" href=\"https:\/\/armadiodesign.com\/en\/product\/dora-lace\/\" \/>\n<meta property=\"og:locale\" content=\"en_GB\" \/>\n<meta property=\"og:type\" content=\"article\" \/>\n<meta property=\"og:title\" content=\"DORA LACE | Kad\u0131n Giyim Markas\u0131 - Online Sat\u0131n Al | ARMADIO DESIGN\" \/>\n<meta property=\"og:description\" content=\"Arkas\u0131 grogrenli ku\u015f g\u00f6z\u00fc detayl\u0131 midi boy dantel elbise\" \/>\n<meta property=\"og:url\" content=\"https:\/\/armadiodesign.com\/en\/product\/dora-lace\/\" \/>\n<meta property=\"og:site_name\" content=\"Kad\u0131n Giyim Markas\u0131 - Online Sat\u0131n Al | ARMADIO DESIGN\" \/>\n<meta property=\"article:modified_time\" content=\"2025-07-07T17:49:19+00:00\" \/>\n<meta property=\"og:image\" content=\"https:\/\/armadiodesign.com\/wp-content\/uploads\/2022\/08\/AD-0006-dora-lace.jpg\" \/>\n\t<meta property=\"og:image:width\" content=\"540\" \/>\n\t<meta property=\"og:image:height\" content=\"810\" \/>\n\t<meta property=\"og:image:type\" content=\"image\/jpeg\" \/>\n<meta name=\"twitter:card\" content=\"summary_large_image\" \/>\n<meta name=\"twitter:label1\" content=\"Estimated reading time\" \/>\n\t<meta name=\"twitter:data1\" content=\"1 minute\" \/>\n<script type=\"application\/ld+json\" class=\"yoast-schema-graph\">{\"@context\":\"https:\\\/\\\/schema.org\",\"@graph\":[{\"@type\":\"WebPage\",\"@id\":\"https:\\\/\\\/armadiodesign.com\\\/product\\\/dora-lace\\\/\",\"url\":\"https:\\\/\\\/armadiodesign.com\\\/product\\\/dora-lace\\\/\",\"name\":\"DORA LACE | Kad\u0131n Giyim Markas\u0131 - Online Sat\u0131n Al | ARMADIO DESIGN\",\"isPartOf\":{\"@id\":\"https:\\\/\\\/armadiodesign.com\\\/#website\"},\"primaryImageOfPage\":{\"@id\":\"https:\\\/\\\/armadiodesign.com\\\/product\\\/dora-lace\\\/#primaryimage\"},\"image\":{\"@id\":\"https:\\\/\\\/armadiodesign.com\\\/product\\\/dora-lace\\\/#primaryimage\"},\"thumbnailUrl\":\"https:\\\/\\\/armadiodesign.com\\\/wp-content\\\/uploads\\\/2022\\\/08\\\/AD-0006-dora-lace.jpg\",\"datePublished\":\"2022-08-17T17:35:41+00:00\",\"dateModified\":\"2025-07-07T17:49:19+00:00\",\"breadcrumb\":{\"@id\":\"https:\\\/\\\/armadiodesign.com\\\/product\\\/dora-lace\\\/#breadcrumb\"},\"inLanguage\":\"en-GB\",\"potentialAction\":[{\"@type\":\"ReadAction\",\"target\":[\"https:\\\/\\\/armadiodesign.com\\\/product\\\/dora-lace\\\/\"]}]},{\"@type\":\"ImageObject\",\"inLanguage\":\"en-GB\",\"@id\":\"https:\\\/\\\/armadiodesign.com\\\/product\\\/dora-lace\\\/#primaryimage\",\"url\":\"https:\\\/\\\/armadiodesign.com\\\/wp-content\\\/uploads\\\/2022\\\/08\\\/AD-0006-dora-lace.jpg\",\"contentUrl\":\"https:\\\/\\\/armadiodesign.com\\\/wp-content\\\/uploads\\\/2022\\\/08\\\/AD-0006-dora-lace.jpg\",\"width\":540,\"height\":810},{\"@type\":\"BreadcrumbList\",\"@id\":\"https:\\\/\\\/armadiodesign.com\\\/product\\\/dora-lace\\\/#breadcrumb\",\"itemListElement\":[{\"@type\":\"ListItem\",\"position\":1,\"name\":\"Ana sayfa\",\"item\":\"https:\\\/\\\/armadiodesign.com\\\/\"},{\"@type\":\"ListItem\",\"position\":2,\"name\":\"Shop\",\"item\":\"https:\\\/\\\/armadiodesign.com\\\/shop\\\/\"},{\"@type\":\"ListItem\",\"position\":3,\"name\":\"DORA LACE\"}]},{\"@type\":\"WebSite\",\"@id\":\"https:\\\/\\\/armadiodesign.com\\\/#website\",\"url\":\"https:\\\/\\\/armadiodesign.com\\\/\",\"name\":\"Kad\u0131n Giyim Markas\u0131 - Online Sat\u0131n Al | ARMADIO DESIGN\",\"description\":\"Kad\u0131n giyimde g&uuml;ncel trendleri ke\u015ffedin!\",\"publisher\":{\"@id\":\"https:\\\/\\\/armadiodesign.com\\\/#organization\"},\"potentialAction\":[{\"@type\":\"SearchAction\",\"target\":{\"@type\":\"EntryPoint\",\"urlTemplate\":\"https:\\\/\\\/armadiodesign.com\\\/?s={search_term_string}\"},\"query-input\":{\"@type\":\"PropertyValueSpecification\",\"valueRequired\":true,\"valueName\":\"search_term_string\"}}],\"inLanguage\":\"en-GB\"},{\"@type\":\"Organization\",\"@id\":\"https:\\\/\\\/armadiodesign.com\\\/#organization\",\"name\":\"Armadio Design\",\"url\":\"https:\\\/\\\/armadiodesign.com\\\/\",\"logo\":{\"@type\":\"ImageObject\",\"inLanguage\":\"en-GB\",\"@id\":\"https:\\\/\\\/armadiodesign.com\\\/#\\\/schema\\\/logo\\\/image\\\/\",\"url\":\"https:\\\/\\\/armadiodesign.com\\\/wp-content\\\/uploads\\\/2019\\\/12\\\/mail_logo.jpg\",\"contentUrl\":\"https:\\\/\\\/armadiodesign.com\\\/wp-content\\\/uploads\\\/2019\\\/12\\\/mail_logo.jpg\",\"width\":540,\"height\":96,\"caption\":\"Armadio Design\"},\"image\":{\"@id\":\"https:\\\/\\\/armadiodesign.com\\\/#\\\/schema\\\/logo\\\/image\\\/\"}}]}<\/script>\n<!-- \/ Yoast SEO plugin. -->","yoast_head_json":{"title":"DORA LACE | Kad\u0131n Giyim Markas\u0131 - Online Sat\u0131n Al | ARMADIO DESIGN","robots":{"index":"index","follow":"follow","max-snippet":"max-snippet:-1","max-image-preview":"max-image-preview:large","max-video-preview":"max-video-preview:-1"},"canonical":"https:\/\/armadiodesign.com\/en\/product\/dora-lace\/","og_locale":"en_GB","og_type":"article","og_title":"DORA LACE | Kad\u0131n Giyim Markas\u0131 - Online Sat\u0131n Al | ARMADIO DESIGN","og_description":"Arkas\u0131 grogrenli ku\u015f g\u00f6z\u00fc detayl\u0131 midi boy dantel elbise","og_url":"https:\/\/armadiodesign.com\/en\/product\/dora-lace\/","og_site_name":"Kad\u0131n Giyim Markas\u0131 - Online Sat\u0131n Al | ARMADIO DESIGN","article_modified_time":"2025-07-07T17:49:19+00:00","og_image":[{"width":540,"height":810,"url":"https:\/\/armadiodesign.com\/wp-content\/uploads\/2022\/08\/AD-0006-dora-lace.jpg","type":"image\/jpeg"}],"twitter_card":"summary_large_image","twitter_misc":{"Estimated reading time":"1 minute"},"schema":{"@context":"https:\/\/schema.org","@graph":[{"@type":"WebPage","@id":"https:\/\/armadiodesign.com\/product\/dora-lace\/","url":"https:\/\/armadiodesign.com\/product\/dora-lace\/","name":"DORA LACE | Kad\u0131n Giyim Markas\u0131 - Online Sat\u0131n Al | ARMADIO DESIGN","isPartOf":{"@id":"https:\/\/armadiodesign.com\/#website"},"primaryImageOfPage":{"@id":"https:\/\/armadiodesign.com\/product\/dora-lace\/#primaryimage"},"image":{"@id":"https:\/\/armadiodesign.com\/product\/dora-lace\/#primaryimage"},"thumbnailUrl":"https:\/\/armadiodesign.com\/wp-content\/uploads\/2022\/08\/AD-0006-dora-lace.jpg","datePublished":"2022-08-17T17:35:41+00:00","dateModified":"2025-07-07T17:49:19+00:00","breadcrumb":{"@id":"https:\/\/armadiodesign.com\/product\/dora-lace\/#breadcrumb"},"inLanguage":"en-GB","potentialAction":[{"@type":"ReadAction","target":["https:\/\/armadiodesign.com\/product\/dora-lace\/"]}]},{"@type":"ImageObject","inLanguage":"en-GB","@id":"https:\/\/armadiodesign.com\/product\/dora-lace\/#primaryimage","url":"https:\/\/armadiodesign.com\/wp-content\/uploads\/2022\/08\/AD-0006-dora-lace.jpg","contentUrl":"https:\/\/armadiodesign.com\/wp-content\/uploads\/2022\/08\/AD-0006-dora-lace.jpg","width":540,"height":810},{"@type":"BreadcrumbList","@id":"https:\/\/armadiodesign.com\/product\/dora-lace\/#breadcrumb","itemListElement":[{"@type":"ListItem","position":1,"name":"Ana sayfa","item":"https:\/\/armadiodesign.com\/"},{"@type":"ListItem","position":2,"name":"Shop","item":"https:\/\/armadiodesign.com\/shop\/"},{"@type":"ListItem","position":3,"name":"DORA LACE"}]},{"@type":"WebSite","@id":"https:\/\/armadiodesign.com\/#website","url":"https:\/\/armadiodesign.com\/","name":"Kad\u0131n Giyim Markas\u0131 - Online Sat\u0131n Al | ARMADIO DESIGN","description":"Kad\u0131n giyimde g&uuml;ncel trendleri ke\u015ffedin!","publisher":{"@id":"https:\/\/armadiodesign.com\/#organization"},"potentialAction":[{"@type":"SearchAction","target":{"@type":"EntryPoint","urlTemplate":"https:\/\/armadiodesign.com\/?s={search_term_string}"},"query-input":{"@type":"PropertyValueSpecification","valueRequired":true,"valueName":"search_term_string"}}],"inLanguage":"en-GB"},{"@type":"Organization","@id":"https:\/\/armadiodesign.com\/#organization","name":"Armadio Design","url":"https:\/\/armadiodesign.com\/","logo":{"@type":"ImageObject","inLanguage":"en-GB","@id":"https:\/\/armadiodesign.com\/#\/schema\/logo\/image\/","url":"https:\/\/armadiodesign.com\/wp-content\/uploads\/2019\/12\/mail_logo.jpg","contentUrl":"https:\/\/armadiodesign.com\/wp-content\/uploads\/2019\/12\/mail_logo.jpg","width":540,"height":96,"caption":"Armadio Design"},"image":{"@id":"https:\/\/armadiodesign.com\/#\/schema\/logo\/image\/"}}]}},"jetpack_sharing_enabled":true,"_links":{"self":[{"href":"https:\/\/armadiodesign.com\/en\/wp-json\/wp\/v2\/product\/13203","targetHints":{"allow":["GET"]}}],"collection":[{"href":"https:\/\/armadiodesign.com\/en\/wp-json\/wp\/v2\/product"}],"about":[{"href":"https:\/\/armadiodesign.com\/en\/wp-json\/wp\/v2\/types\/product"}],"wp:featuredmedia":[{"embeddable":true,"href":"https:\/\/armadiodesign.com\/en\/wp-json\/wp\/v2\/media\/13208"}],"wp:attachment":[{"href":"https:\/\/armadiodesign.com\/en\/wp-json\/wp\/v2\/media?parent=13203"}],"wp:term":[{"taxonomy":"product_brand","embeddable":true,"href":"https:\/\/armadiodesign.com\/en\/wp-json\/wp\/v2\/product_brand?post=13203"},{"taxonomy":"product_cat","embeddable":true,"href":"https:\/\/armadiodesign.com\/en\/wp-json\/wp\/v2\/product_cat?post=13203"},{"taxonomy":"product_tag","embeddable":true,"href":"https:\/\/armadiodesign.com\/en\/wp-json\/wp\/v2\/product_tag?post=13203"},{"taxonomy":"woo-feed-brand","embeddable":true,"href":"https:\/\/armadiodesign.com\/en\/wp-json\/wp\/v2\/woo-feed-brand?post=13203"}],"curies":[{"name":"wp","href":"https:\/\/api.w.org\/{rel}","templated":true}]}}

<p>Arkası grogrenli kuş gözü detaylı midi boy dantel elbise</p>

<!-- This site is optimized with the Yoast SEO plugin v27.4 - https://yoast.com/product/yoast-seo-wordpress/ -->
<title>DORA LACE | Kadın Giyim Markası - Online Satın Al | ARMADIO DESIGN</title>
<meta name="robots" content="index, follow, max-snippet:-1, max-image-preview:large, max-video-preview:-1" />
<link rel="canonical" href="https://armadiodesign.com/en/product/dora-lace/" />
<meta property="og:locale" content="en_GB" />
<meta property="og:type" content="article" />
<meta property="og:title" content="DORA LACE | Kadın Giyim Markası - Online Satın Al | ARMADIO DESIGN" />
<meta property="og:description" content="Arkası grogrenli kuş gözü detaylı midi boy dantel elbise" />
<meta property="og:url" content="https://armadiodesign.com/en/product/dora-lace/" />
<meta property="og:site_name" content="Kadın Giyim Markası - Online Satın Al | ARMADIO DESIGN" />
<meta property="article:modified_time" content="2025-07-07T17:49:19+00:00" />
<meta property="og:image" content="https://armadiodesign.com/wp-content/uploads/2022/08/AD-0006-dora-lace.jpg" />
	<meta property="og:image:width" content="540" />
	<meta property="og:image:height" content="810" />
	<meta property="og:image:type" content="image/jpeg" />
<meta name="twitter:card" content="summary_large_image" />
<meta name="twitter:label1" content="Estimated reading time" />
	<meta name="twitter:data1" content="1 minute" />
<script type="application/ld+json" class="yoast-schema-graph">{"@context":"https:\/\/schema.org","@graph":[{"@type":"WebPage","@id":"https:\/\/armadiodesign.com\/product\/dora-lace\/","url":"https:\/\/armadiodesign.com\/product\/dora-lace\/","name":"DORA LACE | Kadın Giyim Markası - Online Satın Al | ARMADIO DESIGN","isPartOf":{"@id":"https:\/\/armadiodesign.com\/#website"},"primaryImageOfPage":{"@id":"https:\/\/armadiodesign.com\/product\/dora-lace\/#primaryimage"},"image":{"@id":"https:\/\/armadiodesign.com\/product\/dora-lace\/#primaryimage"},"thumbnailUrl":"https:\/\/armadiodesign.com\/wp-content\/uploads\/2022\/08\/AD-0006-dora-lace.jpg","datePublished":"2022-08-17T17:35:41+00:00","dateModified":"2025-07-07T17:49:19+00:00","breadcrumb":{"@id":"https:\/\/armadiodesign.com\/product\/dora-lace\/#breadcrumb"},"inLanguage":"en-GB","potentialAction":[{"@type":"ReadAction","target":["https:\/\/armadiodesign.com\/product\/dora-lace\/"]}]},{"@type":"ImageObject","inLanguage":"en-GB","@id":"https:\/\/armadiodesign.com\/product\/dora-lace\/#primaryimage","url":"https:\/\/armadiodesign.com\/wp-content\/uploads\/2022\/08\/AD-0006-dora-lace.jpg","contentUrl":"https:\/\/armadiodesign.com\/wp-content\/uploads\/2022\/08\/AD-0006-dora-lace.jpg","width":540,"height":810},{"@type":"BreadcrumbList","@id":"https:\/\/armadiodesign.com\/product\/dora-lace\/#breadcrumb","itemListElement":[{"@type":"ListItem","position":1,"name":"Ana sayfa","item":"https:\/\/armadiodesign.com\/"},{"@type":"ListItem","position":2,"name":"Shop","item":"https:\/\/armadiodesign.com\/shop\/"},{"@type":"ListItem","position":3,"name":"DORA LACE"}]},{"@type":"WebSite","@id":"https:\/\/armadiodesign.com\/#website","url":"https:\/\/armadiodesign.com\/","name":"Kadın Giyim Markası - Online Satın Al | ARMADIO DESIGN","description":"Kadın giyimde g&uuml;ncel trendleri keşfedin!","publisher":{"@id":"https:\/\/armadiodesign.com\/#organization"},"potentialAction":[{"@type":"SearchAction","target":{"@type":"EntryPoint","urlTemplate":"https:\/\/armadiodesign.com\/?s={search_term_string}"},"query-input":{"@type":"PropertyValueSpecification","valueRequired":true,"valueName":"search_term_string"}}],"inLanguage":"en-GB"},{"@type":"Organization","@id":"https:\/\/armadiodesign.com\/#organization","name":"Armadio Design","url":"https:\/\/armadiodesign.com\/","logo":{"@type":"ImageObject","inLanguage":"en-GB","@id":"https:\/\/armadiodesign.com\/#\/schema\/logo\/image\/","url":"https:\/\/armadiodesign.com\/wp-content\/uploads\/2019\/12\/mail_logo.jpg","contentUrl":"https:\/\/armadiodesign.com\/wp-content\/uploads\/2019\/12\/mail_logo.jpg","width":540,"height":96,"caption":"Armadio Design"},"image":{"@id":"https:\/\/armadiodesign.com\/#\/schema\/logo\/image\/"}}]}</script>
<!-- / Yoast SEO plugin. -->

DORA LACE | Kadın Giyim Markası - Online Satın Al | ARMADIO DESIGN

Arkası grogrenli kuş gözü detaylı midi boy dantel elbise

Kadın Giyim Markası - Online Satın Al | ARMADIO DESIGN

Kadın giyimde g&uuml;ncel trendleri keşfedin!
